omposite number?
False
Is 13878582029 prime?
False
Is 5064906079 composite?
False
Is 111485901287 composite?
False
Is 77904287497 prime?
False
Is 1310883263 prime?
False
Is 723640759 composite?
False
Is 11876866819 prime?
True
Is 15289592939 composite?
False
Is 360344989 composite?
False
Is 677986181 a prime number?
True
Is 24967123 a composite number?
True
Is 104255358905 a composite number?
True
Is 704772283 prime?
False
Is 3598292167 composite?
True
Is 418279109 composite?
True
Is 4007890883 a composite number?
False
Is 3621400147 prime?
False
Is 66795217319 composite?
False
Is 810383683 a composite number?
True
Is 71440746731 a composite number?
True
Is 1539502799 composite?
True
Is 41413739 a composite number?
False
Is 897390097 composite?
True
Is 87809162323 composite?
False
Is 19102081423 composite?
False
Is 4485405751 composite?
False
Is 1938793979 composite?
False
Is 771252649 a prime number?
True
Is 3707446663 a composite number?
True
Is 86546809 a prime number?
True
Is 170485016159 a prime number?
True
Is 2179061657 composite?
False
Is 31962287453 a prime number?
False
Is 2257239359 composite?
False
Is 4800026927 prime?
True
Is 2250524561 a composite number?
False
Is 2343061807 a composite number?
False
Is 14529402623 composite?
False
Is 1338026789 a composite number?
True
Is 2074997671 a composite number?
False
Is 18368221 prime?
True
Is 74816087507 a composite number?
True
Is 170824001 prime?
True
Is 10334633423 a composite number?
False
Is 1174695917 composite?
True
Is 681428131 a prime number?
True
Is 6728369503 a prime number?
False
Is 7814774371 a composite number?
False
Is 9165357337 a composite number?
True
Is 157328647 a composite number?
True
Is 1658444191 composite?
False
Is 56413280303 a prime number?
False
Is 40817717021 composite?
True
Is 22649850579 a composite number?
True
Is 1729926911 a composite number?
True
Is 196791277 a composite number?
False
Is 4065196101 a prime number?
False
Is 3775677937 composite?
False
Is 5737010639 a prime number?
True
Is 4262536727 a prime number?
True
Is 368589437 a prime number?
False
Is 53749955341 composite?
True
Is 10719589289 prime?
True
Is 3628544693 a prime number?
True
Is 3321961465 prime?
False
Is 486003187 a composite number?
False
Is 81420585001 composite?
True
Is 506131883 prime?
True
Is 4156853237 a prime number?
True
Is 1155662033 composite?
True
Is 10243244377 a prime number?
True
Is 3142696591 prime?
False
Is 26179342949 a prime number?
True
Is 111718621 a composite number?
True
Is 74931712853 prime?
True
Is 1898626629 a prime number?
False
Is 2786415353 composite?
False
Is 4048519 a composite number?
False
Is 7617699209 prime?
True
Is 8552590391 composite?
False
Is 113952520109 composite?
True
Is 2661286183 composite?
False
Is 4944179311 prime?
True
Is 27148791413 composite?
True
Is 9176456207 a composite number?
True
Is 2617301343 a composite number?
True
Is 4313211701 a composite number?
True
Is 10720611913 composite?
True
Is 4496335267 composite?
False
Is 2978386991 a prime number?
False
Is 15760567399 a composite number?
True
Is 24931996465 a composite number?
True
Is 181777511 prime?
False
Is 174388491817 a composite number?
False
Is 1321344509 prime?
True
Is 14880741541 a composite number?
True
Is 1777063297 a composite number?
True
Is 2459567141 prime?
True
Is 5860595633 composite?
False
Is 12503443573 a composite number?
True
Is 8507532443 a composite number?
True
Is 7966951801 composite?
False
Is 974835847 composite?
False
Is 350041763 prime?
True
Is 83199541319 prime?
True
Is 1295771131 prime?
True
Is 814986509 a prime number?
False
Is 206844970661 a prime number?
False
Is 63899356141 a prime number?
True
Is 253572959 a prime number?
True
Is 3587260903 prime?
True
Is 3305473739 prime?
True
Is 14035960685 a composite number?
True
Is 68443533922 a composite number?
True
Is 111836279 prime?
False
Is 153464563 a composite number?
True
Is 669220967 a prime number?
False
Is 3760129559 a composite number?
False
Is 1354130579 composite?
True
Is 6319737659 a composite number?
False
Is 75850751759 a composite number?
True
Is 2654912419 a prime number?
True
Is 3534489683 composite?
True
Is 1357740281 composite?
True
Is 1564609071 composite?
True
Is 604386667 composite?
False
Is 52592497 composite?
True
Is 41870838421 a prime number?
True
Is 5523499127 a composite number?
False
Is 277317539 composite?
True
Is 197232814687 a composite number?
True
Is 682905161 a prime number?
True
Is 2030086397 a composite number?
True
Is 2106327913 a prime number?
False
Is 3170279293 a prime number?
True
Is 1142233969 a composite number?
True
Is 9102330113 a prime number?
True
Is 56806512821 composite?
True
Is 23834323589 a prime number?
True
Is 401475661 composite?
True
Is 47063867 a prime number?
True
Is 51006460133 a prime number?
False
Is 432543421 a composite number?
False
Is 14438688169 composite?
True
Is 225746617 a prime number?
False
Is 16227743767 composite?
True
Is 11049075923 prime?
True
Is 81501493 a prime number?
False
Is 327332623 a composite number?
False
Is 6060760367 composite?
True
Is 2352953699 a composite number?
False
Is 79842559 a prime number?
False
Is 1552310897 a prime number?
True
Is 99848377 a composite number?
True
Is 134328885079 a composite number?
False
Is 59762321 composite?
False
Is 5123888533 composite?
True
Is 408106428239 composite?
True
Is 744670867 prime?
False
Is 202716312323 a prime number?
False
Is 2752190807 prime?
True
Is 72925838087 prime?
False
Is 3513424703 prime?
False
Is 72123476471 prime?
False
Is 19801136431 a composite number?
True
Is 41030526029 a composite number?
False
Is 1808365421 a prime number?
True
Is 4992063577 a composite number?
False
Is 5113445173 a composite number?
True
Is 1484046643 prime?
True
Is 40340663963 a composite number?
False
Is 323191231 a prime number?
False
Is 139369439 composite?
True
Is 6158426543 a composite number?
True
Is 351229729 a prime number?
True
Is 19972301249 a prime number?
True
Is 1572724133 prime?
True
Is 9880795742 a prime number?
False
Is 354195263 a prime number?
True
Is 27603202643 composite?
True
Is 40060351273 prime?
False
Is 1012076831 a prime number?
True
Is 1721991023 composite?
True
Is 19372416229 a prime number?
False
Is 2166282413 composite?
False
Is 65094012967 prime?
False
Is 10200769867 composite?
False
Is 2743256531 a composite number?
True
Is 969664259 a prime number?
False
Is 15207667 prime?
True
Is 657235457 composite?
True
Is 6474671411 prime?
False
Is 1273035227 a composite number?
False
Is 9790152301 prime?
False
Is 28904371217 prime?
True
Is 2709418661 composite?
True
Is 575988085 prime?
False
Is 237465157 composite?
False
Is 63930133 a prime number?
False
Is 493527733 prime?
True
Is 182501051279 prime?
True
Is 86345095757 a prime number?
True
Is 4312843127 composite?
False
Is 1549849493 composite?
False
Is 692222857 a composite number?
False
Is 1362383107 a prime number?
True
Is 264249329 prime?
False
Is 644305301 composite?
False
Is 92382169639 prime?
False
Is 9697379507 composite?
True
Is 13093446827 prime?
False
Is 13399553 composite?
True
Is 1416435593 composite?
True
Is 62532183661 composite?
True
Is 450477229 a prime number?
False
Is 150465793201 composite?
False
Is 517852663 a prime number?
False
Is 4486728017 a prime number?
True
Is 20050682567 composite?
True
Is 4600159607 a prime number?
True
Is 247741453 a prime number?
True
Is 4327722187 prime?
True
Is 2403865771 a prime number?
True
Is 14566845617 a composite number?
False
Is 1650535781 prime?
False
Is 4999942681 a composite number?
True
Is 2065776987 composite?
True
Is 14727751547 composite?
False
Is 607327277 prime?
True
Is 29810915111 a composite number?
False
Is 16549129 prime?
True
Is 2153528447 a prime number?
False
Is 49565519 prime?
False
Is 212908327 composite?
False
Is 1176509209 a composite number?
False
Is 19973693 a prime number?
False
Is 2640706027 prime?
False
Is 322486159 prime?
False
Is 601068481 a composite number?
True
Is 2878081499 composite?
True
Is 52421962093 prime?
False
Is 6089641601 a prime number?
True
Is 70270636411 prime?
True
Is 9828295639 prime?
False
Is 13435918273 prime?
False
Is 150046889077 a prime number?
False
Is 6243780421 composite?
False
Is 477562531 composite?
F